ulate n(4).
-1
Let o(w) = -w**3 + 9*w**2 + 18*w + 27. Suppose 0 = 67*n - 27*n - 22*n - 198. Calculate o(n).
-17
Let y(g) = 6*g + 1. Suppose -140 + 131 = 3*l. Determine y(l).
-17
Let w(b) be the first derivative of b**4/4 - 8*b**3/3 - 4*b**2 - 15*b - 117. Determine w(9).
-6
Let d(f) = -2*f + 3. Let b be 1 - 7*1*(-3 + 2). Calculate d(b).
-13
Let b(m) = 86*m**2 - 66*m - 31. Let d(p) = -43*p**2 + 36*p + 18. Let v(q) = -5*b(q) - 9*d(q). Calculate v(1).
-44
Let v(t) = 3*t - 347. Let y be v(107). Let h(o) = o**3 + 28*o**2 + 53*o + 27. Determine h(y).
1
Let i(w) = -5*w - 306. Let y(k) = -7*k - 493. Let r(d) = 8*i(d) - 5*y(d). What is r(6)?
-13
Let y(s) be the first derivative of -s**2/2 - 5*s - 2291. Give y(30).
-35
Let d(s) = -8*s**2 + 28*s + 1 - 22*s + 9*s**2 + 0*s**2. Give d(-6).
1
Let x(j) = 8763 - j**3 - 2*j**2 - 7*j**2 + 9*j + 8766 - 17532. What is x(-10)?
7
Let n(m) = 7*m**3 + 4*m**2 - 17*m + 4. Let i(u) be the first derivative of u**4 + u**3/3 - 4*u**2 + 2*u - 227. Let h(z) = 5*i(z) - 3*n(z). Determine h(-8).
-26
Let n be -14*((-228)/28 - -8). Suppose -10*m + 12*m - 10 = n*v, -3*m + 9 = 3*v. Let c(j) = -j**3 + 6*j**2 - 2*j. Give c(m).
24
Let d(i) be the third derivative of -i**5/30 + 19*i**4/12 + 14*i**3/3 + 192*i**2. What is d(20)?
-12
Let m(n) = -718*n - 2*n**3 + n**3 + 27 - 30*n**2 - 24 - 17 + 750*n. Determine m(-31).
-45
Let g(d) = 4*d - 3. Let w be g(2). Let q(h) = -41*h - 249. Let r(s) = -9*s - 55. Let f(j) = 2*q(j) - 9*r(j). Determine f(w).
-8
Suppose 3*d + d = -4*b - 8, -3*b - 15 = 0. Let z(i) = 43*i**2 + 17*i + 4. Let h(c) = 7*c**2 + 4*c. Let g(o) = 6*h(o) - z(o). Calculate g(d).
8
Let r be ((-14)/3 + -1)/((-5)/15). Suppose 0 = 6*d - r - 19. Let i(q) = d - 3*q + 6*q - 2 + 2. Give i(-5).
-9
Let z(r) = 31*r**2 + 3*r + 63*r - 29*r**2 - 12*r + 85 - 88. What is z(-27)?
-3
Suppose -2057 + 2057 = -5*o. Let y be 70/(-4)*12/(-15). Suppose 4*b - y = -2*c + 8, -b - 5*c - 17 = o. Let v(p) = -p + 3. Calculate v(b).
-5
Let s(k) = 0*k**2 + k**3 - 431 + 7*k + 20*k**2 + 428 - 13*k**2. Calculate s(-7).
-52
Suppose -2*f - 111 = -w, 4*f - 4*w + 93 = -139. Let x = f - -58. Let b(s) = 2*s - 2*s + 4*s**2 - x*s**2. Determine b(1).
-1
Let i(b) be the second derivative of -37*b - 1/3*b**3 + 2 - 9/2*b**2. What is i(-7)?
5
Suppose 20 = -2*t - 3*l, -12*l = -16*l - 16. Let g(v) = 3*v**2 + 6*v - 14. What is g(t)?
10
Let z be 21186/44*(-8)/6. Let a = z + 651. Let h(t) = -3*t + 25. Give h(a).
-2
Let z = 11860 + -11887. Let d(u) = -2*u + 21. Determine d(z).
75
Let o(w) = 3*w**3 - w**2 - 10*w - 13. Let h(q) = -10*q**3 + 6*q**2 + 29*q + 40. Let a(r) = -2*h(r) - 7*o(r). Give a(-6).
-25
Let c(g) = 9*g**3 + 3*g**2 + 7*g - 61. Let z(f) = -17*f**3 - 5*f**2 - 13*f + 100. Let h(y) = -5*c(y) - 3*z(y). Calculate h(-2).
-51
Let v(d) = 19*d + 6. Let u(a) = 169*a + 52. Let x(f) = -3*u(f) + 26*v(f). Determine x(2).
-26
Let i(d) = d**2. Let r = -4 + 7. Suppose -w - 5 = 2*n, -3*n = -4*n + 5*w + r. Let g be (n/(-6) - 1)*-3. What is i(g)?
4
Let s(k) be the first derivative of -1/3*k**3 - 7*k - 4*k**2 + 25. Determine s(-8).
-7
Let s(w) = 5*w - 9. Let n(b) = -29*b + 46. Let v(a) = n(a) + 6*s(a). What is v(11)?
3
Let c(n) = 173*n**2 + 14*n + 16. Let m(a) = -29*a**2 - a + 1. Let t(x) = -c(x) - 6*m(x). Determine t(12).
26
Let u = 124 - 56. Suppose -4*z + 2*w + u = 210, 135 = -4*z - 5*w. Let c = -36 - z. Let p(r) = -2*r. Calculate p(c).
2
Let c(h) = -37*h - 38*h + 133*h - 24*h + 2 - 36*h. Suppose 19 - 7 = 3*r. Calculate c(r).
-6
Let i = 136 + -130. Let v(z) = -34*z - 39*z + 5 + 70*z - 6 - i. Give v(-4).
5
Let r(t) be the first derivative of -2*t**2 - 3*t + 135. Let o be (-3)/8 - (-63)/(-24). Let l be o*(21/(-9) - -1). Calculate r(l).
-19
Suppose -3*m - 262 = -304. Let p(x) = x**3 - 12*x**2 - 26*x - 21. Determine p(m).
7
Suppose 3*b + n - 25 = 0, 4*b + 4*n + n = 37. Let a(f) = -3*f + 3*f + 19*f**3 + 0*f - 18*f**3 - b + f. Give a(0).
-8
Suppose -1 = w + 3, 3*u + w - 2 = 0. Let d(v) = 276 + 281 - 2*v**u + v - 558. Calculate d(3).
-16
Let f(g) = 12*g - 1. Let l(u) = u**3 - 24*u**2 + 44*u + 4. Let d be l(2). Calculate f(d).
47
Let y = 2148 - 2149. Let a be 1*4/6*-3. Let m(n) = n + 1. Let j(v) = v**2 - 11*v + 6. Let t(s) = a*m(s) + y*j(s). What is t(6)?
10
Suppose -3*b + 27 = -5*l + 40, 2*b = -12. Let d(o) = 8*o**2 - 6*o - 9. Give d(l).
5
Let v(n) be the second derivative of n**4/4 + 7*n**3/6 - 7*n**2/2 - 52*n - 8. Calculate v(1).
3
Let u(m) = 9*m**3 + m**2 + 22*m + 14. Let r(z) = 5*z**3 + 12*z + 8. Suppose 7*x - 5*x - 39 = -5*h, 3*x = -h + 13. Let d(o) = h*r(o) - 4*u(o). Calculate d(-3).
3
Let t(s) be the second derivative of s**7/840 - s**6/360 - 11*s**4/24 + 7*s**3/6 + 3*s**2/2 - 70*s. Let y(x) be the second derivative of t(x). Give y(0).
-11
Let s(y) be the first derivative of 14*y**3/3 - 9*y**2/2 + 9*y - 1850. Calculate s(1).
14
Let m(v) = -372 + 1144 - 600 + 30*v. What is m(-6)?
-8
Let k(l) = 3*l**2 + 103*l + 125. Let i be k(-33). Let a(u) = -3*u - 12. Let h(m) = 3*m + 11. Let s(n) = 5*a(n) + 6*h(n). Determine s(i).
-15
Let n(v) = v - 8. Let p(i) = -21*i + 57. Let j(k) = 6*n(k) + p(k). What is j(6)?
-81
Let u(x) = x**2 + 7*x - 9. Let q(o) = 3*o - 51. Let f be q(22). Let v be ((-18)/f)/(2/(-10)) - 3. Suppose -49 = v*i + 5*k, 5*i - k + 19 = -16. Calculate u(i).
-1
Let g be (0 + 4)*5/2. Let a(s) = -2*s - g - s**2 + 4 + 3. Let d(m) = -m**3 - 9*m**2 + 11*m + 8. Let v be d(-10). What is a(v)?
-3
Let z be (-1)/(-3)*(-1 - 8). Let o be ((-5)/15)/(2/(-60)). Let t(h) = 2*h**2 - 22 + 14 + o + 3*h. Calculate t(z).
11
Let q(a) = -a**3 - 11*a**2 + 12*a + 1. Suppose 4*f + 16 = -33*r + 37*r, -4*f + 2 = 2*r. Suppose 5*v + 5*s + 75 = 0, 3*s - 6*s = -r*v - 27. Calculate q(v).
1
Let j(w) be the first derivative of 2 + 13*w + w**2 - 1 + 4*w - 20*w + 4*w**2. Determine j(2).
17
Let x(p) = 84*p**2 - 260*p + 12. Let o be x(3). Let h(j) = 2*j**2 + 34*j + 132. Give h(o).
12
Let t(z) = -z**3 - 30*z**2 - 37*z - 55. Let a be t(-28). Let w = 581 + a. Let d(s) = s + 5. Determine d(w).
-1
Let p(v) = v**2 + 11*v - 10. Suppose 0 = -18*r + 16*r + 20. Suppose r*s - 46 = 9*s. Let b = s + -57. Determine p(b).
-10
Let t = -25609 - -25616. Let u(c) = c**3 - 7*c**2 + 12*c - 83. Calculate u(t).
1
Let j(g) = -g**3 + 6*g**2 + 2*g + 10. Let y(a) = -14*a + 77. Let w be (990/(-891))/(2/(-9)). Let m be y(w). Calculate j(m).
-25
Let q be (10 + -15)*(-21)/15. Let v(x) = 3*x - 16. Let c be v(q). Suppose r = -4*d + c*d + 3, 2*r - 18 = -4*d. Let n(l) = -4*l + 2. Calculate n(d).
-6
Suppose 14*v = 287 + 987. Let o(c) = -41*c - 3 + v*c + 1 - 47*c. What is o(2)?
4
Let o = 41 - 22. Suppose -o = -10*z + 11. Let x(a) = -10*a + 7*a - 1 - a + z*a. Give x(5).
-6
Let u(z) = -6*z**2 + 56*z + 43. Suppose 64*w + 630 = 127*w. Give u(w).
3
Let p(t) = t - 1. Suppose -2*b = -d + 2*d + 322, b + 2*d + 155 = 0. Let v = -240 - b. Let l = -77 - v. Calculate p(l).
-1
Let v(j) = j**3 - 4*j**2 - 4*j - 6. Let k be v(5). Let d(l) = -342*l**2 + 4*l + 238. Let r(i) = -151*i**2 + 2*i + 106. Let u(g) = -4*d(g) + 9*r(g). Give u(k).
9
Let z(l) = -13*l**2 + l - 1. Let x be ((4 + -8)*1)/(-1). Suppose 0 = -2*h + x*s - 2, 0 = 4*s - 1 - 3. Calculate z(h).
-13
Let y(x) = x**3 + 109*x**2 - 148*x - 4181. Let f be y(-110). Let k(q) = 20*q + 13. Determine k(f).
-7
Let g be (8 - 0)*(-22)/(-44). Suppose -2*x + 15 = -k + g, -2*k - 10 = -x. Let l(v) = v**2 - v - 2. Determine l(k).
10
Let t = -535 - -518. Let k(d) = -4*d + 3. Let s(g) = 12*g - 9. Let f(o) = t*k(o) - 6*s(o). What is f(4)?
-13
Suppose 4*y - 16 = -5*f, -2*f - 283*y + 9 = -284*y. Let j(c) be the third derivative of -5/6*c**3 + 1/8*c**f + 0 - 21*c**2 + 0*c. Calculate j(-6).
-23
Suppose 4*s + 4*n = 2*n - 80, 3*s + 50 = -4*n. Let r(t) = -t**3 - 20*t**2 + 43*t - 20. Give r(s).
2
Suppose 0 = -93*l + 459 - 738. Let r(f) = 19*f + 68. Give r(l).
11
Let u(n) = -2 + 5*n + 17*n**3 + 9*n**3 - 5*n**2 - 25*n**3. Let x(i) = i**3 - 21*i**2 + 3. Let f be x(21). Give u(f).
-5
Let b(v) be the first derivative of -v**4/4 + 2*v**3 - v**2 - 3*v - 790. What is b(3)?
18
Let s(q) be the second derivative of q**8/6720 - q**7/315 - q**6/144 + q**5/40 + 23*q**4/6 + 253*q. Let p(d) be the third derivative of s(d). Calculate p(8).
-37
Let l(z) = z**3 + 11*z**2 - 11*z + 13. Suppose -2*g - 5 = 35. Let w = -32 - g. Give l(w).
1
Let b(k) = 5*k + 5*k - 9*k + 23